{"id":54,"date":"2018-07-03T09:56:59","date_gmt":"2018-07-03T07:56:59","guid":{"rendered":"https:\/\/salvadera.skizunft-basketball.de\/szk_wp\/?page_id=54"},"modified":"2025-11-19T12:47:08","modified_gmt":"2025-11-19T11:47:08","slug":"u10","status":"publish","type":"page","link":"https:\/\/salvadera.skizunft-basketball.de\/index.php\/u10\/","title":{"rendered":"U10 und U8 \/\/ KISS\/GS-AG"},"content":{"rendered":"<p><strong>Wichtig!<\/strong> Wir haben Aufgrund des Andrangs Wartelisten eingef\u00fchrt &#8211; Bitte gehen sie \u00fcber das <a href=\"https:\/\/salvadera.skizunft-basketball.de\/index.php\/kontakt\/\">Kontaktformular<\/a> um sich f\u00fcr ein Probetraining auf die Warteliste zu setzen. Vielen Dank f\u00fcr ihr Verst\u00e4ndnis.<\/p>\n<p><strong>U10\/1<br \/>\n<\/strong>Trainingszeiten<br \/>\n(Hannes-Reiber-Halle Kornwestheim)<br \/>\nMontag: 16:00 \u2013 17:30 Uhr<br \/>\nMittwoch: 16:00 &#8211; 17:30 Uhr<\/p>\n<p>Trainer: Eduard Jakobi, Jens Blankenhorn<\/p>\n<p><strong>U10\/2 &#8211; U8<br \/>\n<\/strong>Trainingszeiten<br \/>\n(Hannes-Reiber-Halle Kornwestheim)<br \/>\nMontag: 16:00 \u2013 17:30 Uhr<br \/>\nMittwoch: 16:00 &#8211; 17:30 Uhr<\/p>\n<p>Trainer: Alexander Eckhardt<\/p>\n<p><strong>KISS\/GS-AG<\/strong><br \/>\nTrainingszeiten<br \/>\n(Hannes-Reiber-Halle Kornwestheim)<br \/>\nfindet in Saison 2025\/26 nicht statt<\/p>\n<p>Trainer: FSJ+Assistenztrainer<\/p>\n","protected":false},"excerpt":{"rendered":"<p>Wichtig! Wir haben Aufgrund des Andrangs Wartelisten eingef\u00fchrt &#8211; Bitte gehen sie \u00fcber das Kontaktformular um sich f\u00fcr ein Probetraining auf die Warteliste zu setzen. Vielen Dank f\u00fcr ihr Verst\u00e4ndnis. &#8230;<\/p>\n","protected":false},"author":1,"featured_media":0,"parent":0,"menu_order":0,"comment_status":"closed","ping_status":"closed","template":"","meta":{"footnotes":""},"class_list":["post-54","page","type-page","status-publish","hentry"],"_links":{"self":[{"href":"https:\/\/salvadera.skizunft-basketball.de\/index.php\/wp-json\/wp\/v2\/pages\/54","targetHints":{"allow":["GET"]}}],"collection":[{"href":"https:\/\/salvadera.skizunft-basketball.de\/index.php\/wp-json\/wp\/v2\/pages"}],"about":[{"href":"https:\/\/salvadera.skizunft-basketball.de\/index.php\/wp-json\/wp\/v2\/types\/page"}],"author":[{"embeddable":true,"href":"https:\/\/salvadera.skizunft-basketball.de\/index.php\/wp-json\/wp\/v2\/users\/1"}],"replies":[{"embeddable":true,"href":"https:\/\/salvadera.skizunft-basketball.de\/index.php\/wp-json\/wp\/v2\/comments?post=54"}],"version-history":[{"count":18,"href":"https:\/\/salvadera.skizunft-basketball.de\/index.php\/wp-json\/wp\/v2\/pages\/54\/revisions"}],"predecessor-version":[{"id":9852,"href":"https:\/\/salvadera.skizunft-basketball.de\/index.php\/wp-json\/wp\/v2\/pages\/54\/revisions\/9852"}],"wp:attachment":[{"href":"https:\/\/salvadera.skizunft-basketball.de\/index.php\/wp-json\/wp\/v2\/media?parent=54"}],"curies":[{"name":"wp","href":"https:\/\/api.w.org\/{rel}","templated":true}]}}